, c + k = j. Calculate the greatest common divisor of c and 80.
16
Let w(s) = s**2 + 5*s - 7. Let u be w(7). Let p(c) = -c**2 + 10*c - 5. Let l be p(8). What is the highest common divisor of l and u?
11
Suppose m + 5*i = 11, 5*m + 57 = 5*i + 262. What is the highest common divisor of m and 27?
9
Let z be 53/2 - 1 - (-9)/6. Calculate the highest common factor of 108 and z.
27
Suppose 20 = -i + 6*i. Suppose i = 2*t + 2*t. Let b = t - -5. Calculate the highest common factor of b and 2.
2
Suppose -3*a + 2 = 17. Let z(g) = g**2 + 4*g + 3. Let o be z(a). Calculate the highest common factor of 56 and o.
8
Suppose 11*g = 3*g + 432. Calculate the highest common factor of g and 6.
6
Let v = 11 + -7. Suppose 2*c - 1 = j + 1, 5*c - v*j = -1. Suppose c*n = -5*y + 6*n + 46, 4*n = -8. Calculate the greatest common divisor of y and 2.
2
Suppose v = -v + 6. Suppose v*o - 2 - 7 = 0. Let a be 23 + o*(-1)/(-3). What is the greatest common divisor of 3 and a?
3
Suppose 7*y = 4*y + h + 271, 3*y = 4*h + 274. What is the greatest common divisor of y and 10?
10
Suppose -5*g - 64 = -7*g. Let w = -23 + g. Suppose -2*a + w = a. What is the highest common factor of a and 9?
3
Suppose 3*l - 11 = 4*l. Let h(y) = y + 14. Let m be h(l). Calculate the greatest common factor of m and 24.
3
Suppose 0 = 2*w - 5*w + 135. What is the greatest common divisor of 5 and w?
5
Suppose -3*x + 0*x - 1 = -2*y, -5*x + 3 = -y. Let r be -2*1*(-1)/y. Let l(u) = u**2 - 5. Let q be l(4). What is the greatest common divisor of r and q?
1
Suppose -2*p + 4*g = -88, -3 = 2*g - 1. Let i be 1/(2/p*3). Calculate the greatest common factor of 7 and i.
7
Suppose 3*a + 135 = 6*a. Let r(w) = 2*w**2 - 3*w + 3. Let b be r(-3). Calculate the highest common divisor of b and a.
15
Let w(y) = -13*y. Let o be (-5)/(-15) + (-32)/6. Let l be w(o). Let a(p) = -13*p. Let b be a(-2). Calculate the highest common factor of b and l.
13
Let j(n) be the third derivative of 0*n + 3*n**2 - 13/6*n**3 + 0 + 1/60*n**5 + 1/24*n**4. Let b be j(-10). What is the highest common factor of b and 11?
11
Let d = -105 + 111. What is the greatest common factor of d and 48?
6
Let o = 125 - 104. Calculate the greatest common factor of o and 49.
7
Suppose -2*o = 2*h + 38, -4*o + 19 = -5*h - 31. Let z be (-90)/21*h/2. What is the highest common divisor of 10 and z?
10
Let l = 77 + -66. Calculate the highest common factor of 110 and l.
11
Let c be (3 - 0) + 3 + -6. Let h be 11 + (c + 3 - 2). Let m be -8*1*66/(-4). Calculate the highest common factor of h and m.
12
Let i be (2 - -1)*(-2)/(-2). Let u(l) = 43*l + 3. Let p be u(i). Calculate the greatest common divisor of p and 12.
12
Let l be (1/3)/(3/423). Let o = 69 - l. Let g = -9 + o. What is the highest common factor of g and 13?
13
Suppose 0*j - 2*c = j - 14, 35 = 4*j + c. Let u = 29 - 5. Calculate the greatest common divisor of j and u.
8
Let y be 2/(-7) + 439/(-7). Let v = 45 + y. Let g be 6/27 - 194/v. Calculate the greatest common divisor of 66 and g.
11
Suppose 15 + 3 = -2*t. Let o be -2 - t - (-4)/2. Let v be ((-7)/14)/((-1)/126). What is the greatest common factor of v and o?
9
Suppose z = -4*z + 20. Suppose 2*i = b - 4*b + 42, -4*i + 64 = -z*b. What is the greatest common factor of 6 and i?
6
Let f(o) = -6*o. Let k(c) = -2*c. Let j(n) = 5*f(n) - 16*k(n). Let h be j(2). Suppose 0*s - h*s + 12 = 0. Calculate the greatest common factor of s and 15.
3
Suppose 2*j + 0*j - 6 = 0. Let o be 6/j - -1 - 0. Suppose o = 3*x - 9. Calculate the greatest common factor of x and 16.
4
Suppose 5*f - 2*v - 257 = 0, 0 = f + 2*v - 3*v - 52. What is the greatest common divisor of f and 85?
17
Let w be (2/2)/(4/8). Suppose -q = q - w. Suppose -3*n = 11 + q, 124 = 5*r - n. Calculate the highest common divisor of r and 3.
3
Suppose 3*d - 2*d - 33 = 0. What is the highest common divisor of 22 and d?
11
Suppose -5*p + 1862 = -3*p. Suppose 0*x - 4*x - 3*q + 760 = 0, 0 = -5*x + q + p. What is the greatest common factor of x and 17?
17
Let k be -4 + (-370)/(-11 + 6). Calculate the highest common divisor of k and 14.
14
Let l be (2/4)/(2/104). Let f = 110 + l. Calculate the highest common divisor of 17 and f.
17
Let k(u) = -2*u**3 - u**2 - u + 1. Let r be k(-2). Calculate the highest common divisor of 135 and r.
15
Let p(q) = -29*q - 14. Let j be p(-6). Calculate the greatest common factor of 20 and j.
20
Let k(i) = -i**2 - 5*i + 2. Let u be k(-5). Suppose 2*l = u*x + 114 + 116, -l - 2*x + 115 = 0. Calculate the highest common factor of l and 46.
23
Let c = -53 + 86. What is the greatest common divisor of 22 and c?
11
Suppose -29 = -4*d - 2*i + 53, -6 = 2*i. Let l = 44 - 0. What is the highest common factor of d and l?
22
Suppose 0*o + o = -4*f + 41, -o + 5 = 0. Suppose 2*h = r - 39, 0 = -4*h - h + 15. Calculate the highest common factor of r and f.
9
Let b(v) = 5*v**2. Let l(t) = 36*t**2 - 1. Let j(d) = -35*b(d) + 5*l(d). Let s = -32 + 28. Let y be j(s). Calculate the greatest common divisor of y and 15.
15
Let q be (-4)/(-1)*(-12 + 20). What is the highest common divisor of q and 8?
8
Suppose 0 = 4*t - 25 - 11. Let s = t - 5. What is the highest common factor of s and 36?
4
Suppose -3*o - 79 = 5*v + 27, -o = -2*v + 17. Let y = -16 - o. Calculate the highest common divisor of 11 and y.
11
Suppose 0 = 2*a - 25 - 15. Suppose 0 = -2*p + 3*d + 27, 2*p - 33 = -2*d - d. Let i = p + -7. What is the greatest common divisor of i and a?
4
Let w be ((-48)/(-18))/((-1)/(-24)). Calculate the highest common divisor of w and 16.
16
Let s(t) be the second derivative of 0 + 2/3*t**3 + t + 4*t**2. Let i be s(7). What is the greatest common divisor of 24 and i?
12
Let l(a) = 12*a - 9. Let f be l(6). Let k be -4 - (-9 - (-16)/(-4)). What is the greatest common factor of k and f?
9
Let m = 19 + 5. Calculate the greatest common factor of m and 120.
24
Let u = 2 - -4. Let l = 109 + -43. What is the greatest common factor of u and l?
6
Let v(g) = g**3 - 3*g**2 - g. Let l be v(4). Calculate the greatest common factor of l and 12.
12
Suppose 9*u - 6*u - 3 = 0. What is the greatest common factor of u and 9?
1
Suppose 0 = 3*h - 0 - 12. Suppose 1 + 3 = h*g. What is the greatest common factor of g and 1?
1
Let q = -38 + 19. Let v = q + 27. Let k(a) = a**2 + 4. Let w be k(-4). What is the highest common factor of w and v?
4
Let i(f) = -5*f + 9. Let l be i(13). Let u = 112 + l. What is the greatest common factor of u and 8?
8
Let j be (75/9 - -1) + 26/39. Calculate the highest common factor of 20 and j.
10
Let z(g) = -g**3 + 2*g - 1. Let m be z(-2). Let u(b) = b**2 - b - 4. Let p be u(m). Calculate the greatest common factor of p and 6.
2
Let g(m) = m**2 + 2*m - 4. Let r be (2/4)/((-7)/84). Let s be g(r). Suppose 7*o = 3*y + 2*o - 45, 25 = y - 5*o. Calculate the greatest common factor of s and y.
10
Suppose 2*i + 3*i - 4*c = 19, i = 4*c + 7. Suppose -5*v - 4 = -i*x, -2*v + 11 = 6*x - 3*x. What is the greatest common divisor of 24 and x?
3
Let i be (52/12)/((-1)/3). Let s = 7 - i. Calculate the highest common factor of 5 and s.
5
Suppose 2*u - 112 = -3*m, 0 = -m - 2*m. Suppose -3*h + 4*p = -17, -4*h + 7*h - 5*p - 16 = 0. Calculate the highest common divisor of u and h.
7
Let t(k) = -131*k + 2. Let d be t(-2). Let h = -42 - -66. What is the greatest common divisor of h and d?
24
Suppose 2*w = 6 - 0. Let q be (0 - -15)*((0 - -5) + 1). Suppose -w*s = -s - q. Calculate the highest common factor of 9 and s.
9
Let o = 39 + -23. Let f be (-39)/12 - (-2)/8. Let g be ((-3)/2)/(f/80). Calculate the highest common factor of o and g.
8
Let r = -91 + 208. Let g(k) = k**3 - 2*k**2 + 13. Let p be g(0). Calculate the greatest common factor of p and r.
13
Let b = -10 + 14. Suppose -b*r = -7*r + 27. Let o(h) = 2*h. Let z be o(3). What is the highest common factor of r and z?
3
Suppose j + 11 = -6*g + g, -23 = -5*j + g. Suppose -j + 9 = n. Suppose 0 = -3*y + n*y - 54. Calculate the greatest common factor of 9 and y.
9
Let v = 195 + -110. Let a = 170 - v. Let l = -6 + 40. What is the highest common factor of l and a?
17
Let q(a) = a**2 - a - 4. Let z be q(3). Let y(b) = 3*b + 8. Let p be y(-8). Let u = -6 - p. Calculate the greatest common factor of u and z.
2
Let r(t) = 15*t - 2. Let d be r(6). Calculate the highest common factor of 8 and d.
8
Let c = -82 +